{"id":233,"date":"2021-01-21T12:01:41","date_gmt":"2021-01-21T12:01:41","guid":{"rendered":"https:\/\/popup.artecom.studio\/?page_id=233"},"modified":"2021-03-26T18:40:58","modified_gmt":"2021-03-26T18:40:58","slug":"arts-de-la-scene","status":"publish","type":"page","link":"https:\/\/popup.artecom.studio\/index.php\/arts-de-la-scene\/","title":{"rendered":"Arts de la sc\u00e8ne"},"content":{"rendered":"\n<p>Le jeudi 15 avril sera une journ\u00e9e d\u00e9di\u00e9e aux arts de la sc\u00e8ne. De chez vous, vous pourrez assister \u00e0 diff\u00e9rentes repr\u00e9sentations artistiques num\u00e9riques. <\/p>\n\n\n\n<p>Des repr\u00e9sentations de th\u00e9\u00e2tre mais aussi de danse rythmeront la journ\u00e9e qui se cl\u00f4turera par un live interactif. <\/p>\n\n\n\n<p>De plus, vous pourrez visionner diff\u00e9rents interviews en rapport avec les m\u00e9tiers des arts de la sc\u00e8ne et en connaitre un peu plus sur ces artistes mais aussi leurs v\u00e9cus concernant l&#8217;impact de la condition sanitaire sur leur mode de cr\u00e9ation. <\/p>\n\n\n\n<p>On vous attends pour ce grand jour ! <\/p>\n\n\n\n<h2 class=\"wp-block-heading\">Les derni\u00e8res nouvelles<\/h2>\n\n\n<ul class=\"wp-block-latest-posts__list wp-block-latest-posts\"><\/ul>","protected":false},"excerpt":{"rendered":"<p>Le jeudi 15 avril sera une journ\u00e9e d\u00e9di\u00e9e aux arts de la sc\u00e8ne. De chez vous, vous pourrez assister \u00e0 diff\u00e9rentes repr\u00e9sentations artistiques num\u00e9riques. Des repr\u00e9sentations de th\u00e9\u00e2tre mais aussi<span class=\"more-button\"><a href=\"https:\/\/popup.artecom.studio\/index.php\/arts-de-la-scene\/\" class=\"more-link\">Lire la suite<span class=\"screen-reader-text\">Arts de la sc\u00e8ne<\/span><\/a><\/span><\/p>\n","protected":false},"author":1,"featured_media":389,"parent":0,"menu_order":0,"comment_status":"closed","ping_status":"closed","template":"","meta":{"footnotes":""},"class_list":["post-233","page","type-page","status-publish","has-post-thumbnail","hentry"],"_links":{"self":[{"href":"https:\/\/popup.artecom.studio\/index.php\/wp-json\/wp\/v2\/pages\/233","targetHints":{"allow":["GET"]}}],"collection":[{"href":"https:\/\/popup.artecom.studio\/index.php\/wp-json\/wp\/v2\/pages"}],"about":[{"href":"https:\/\/popup.artecom.studio\/index.php\/wp-json\/wp\/v2\/types\/page"}],"author":[{"embeddable":true,"href":"https:\/\/popup.artecom.studio\/index.php\/wp-json\/wp\/v2\/users\/1"}],"replies":[{"embeddable":true,"href":"https:\/\/popup.artecom.studio\/index.php\/wp-json\/wp\/v2\/comments?post=233"}],"version-history":[{"count":8,"href":"https:\/\/popup.artecom.studio\/index.php\/wp-json\/wp\/v2\/pages\/233\/revisions"}],"predecessor-version":[{"id":546,"href":"https:\/\/popup.artecom.studio\/index.php\/wp-json\/wp\/v2\/pages\/233\/revisions\/546"}],"wp:featuredmedia":[{"embeddable":true,"href":"https:\/\/popup.artecom.studio\/index.php\/wp-json\/wp\/v2\/media\/389"}],"wp:attachment":[{"href":"https:\/\/popup.artecom.studio\/index.php\/wp-json\/wp\/v2\/media?parent=233"}],"curies":[{"name":"wp","href":"https:\/\/api.w.org\/{rel}","templated":true}]}}