{"id":250,"date":"2021-01-21T12:20:27","date_gmt":"2021-01-21T12:20:27","guid":{"rendered":"https:\/\/popup.artecom.studio\/index.php\/politica-de-cookies\/"},"modified":"2021-01-21T12:47:16","modified_gmt":"2021-01-21T12:47:16","slug":"politica-de-cookies","status":"publish","type":"page","link":"https:\/\/popup.artecom.studio\/index.php\/politica-de-cookies\/","title":{"rendered":"Mentions l\u00e9gales et politique de confidentialit\u00e9"},"content":{"rendered":"\n<p>Conform\u00e9ment aux dispositions de la loi n\u00b0 2004-575 du 21 juin 2004 pour la confiance en l\u2019\u00e9conomie num\u00e9rique, il est pr\u00e9cis\u00e9 aux utilisateurs du site <a href=\"https:\/\/popup.artecom.studio\">popup.artecom.studio<\/a> l\u2019identit\u00e9 des diff\u00e9rents intervenants dans le cadre de sa r\u00e9alisation et de son suivi.<\/p>\n\n\n\n<h3 class=\"wp-block-heading\">Edition du site<\/h3>\n\n\n\n<p>Le site\u00a0<a href=\"https:\/\/www.legalplace.fr\/\"><a href=\"https:\/\/popup.artecom.studio\/\">popup.artecom.studio<\/a><\/a> est\u00a0\u00e9dit\u00e9 par le d\u00e9partemetn Art&amp;Com, Universit\u00e9 Toulouse 2 Jean-Jaur\u00e8s.<\/p>\n\n\n\n<h3 class=\"wp-block-heading\">Responsable de publication<\/h3>\n\n\n\n<p>Le d\u00e9partement Art&amp;Com est responsable des contenus publi\u00e9s sur ce site.<\/p>\n\n\n\n<h3 class=\"wp-block-heading\">H\u00e9bergeur<\/h3>\n\n\n\n<p>Le site\u00a0<a href=\"https:\/\/www.legalplace.fr\/\"><\/a><a href=\"https:\/\/popup.artecom.studio\/\">popup.artecom.studio<\/a> est\u00a0h\u00e9berg\u00e9 par la soci\u00e9t\u00e9 OVH.<\/p>\n\n\n\n<h3 class=\"wp-block-heading\">Nous contacter<\/h3>\n\n\n\n<p>Vous pouvez trouver tous les contacts du d\u00e9partement Art&amp;Com sur le site de la formation : <a href=\"http:\/\/artecom.univ-tlse2.fr\/nousrencontrer\">artecom.univ-tlse2.fr<\/a><\/p>\n\n\n\n<h3 class=\"wp-block-heading\">Droits des images<\/h3>\n\n\n\n<p>Les contenus visuels utilis\u00e9s ici sont libres de droit ou leur droit appartiennent au d\u00e9partement Art&amp;Com ou les possesseurs des droits ont autoris\u00e9 le d\u00e9partement Art&amp;Com \u00e0 publier ces contenus. Si tel n&#8217;\u00e9tait pas le cas, tout contenu signal\u00e9 comme ne respectant pas les droits d&#8217;auteur serait imm\u00e9diatement supprim\u00e9 du site.<\/p>\n","protected":false},"excerpt":{"rendered":"<p>Conform\u00e9ment aux dispositions de la loi n\u00b0 2004-575 du 21 juin 2004 pour la confiance en l\u2019\u00e9conomie num\u00e9rique, il est pr\u00e9cis\u00e9 aux utilisateurs du site popup.artecom.studio l\u2019identit\u00e9 des diff\u00e9rents intervenants<span class=\"more-button\"><a href=\"https:\/\/popup.artecom.studio\/index.php\/politica-de-cookies\/\" class=\"more-link\">Lire la suite<span class=\"screen-reader-text\">Mentions l\u00e9gales et politique de confidentialit\u00e9<\/span><\/a><\/span><\/p>\n","protected":false},"author":1,"featured_media":0,"parent":0,"menu_order":0,"comment_status":"closed","ping_status":"closed","template":"","meta":{"footnotes":""},"class_list":["post-250","page","type-page","status-publish","hentry"],"_links":{"self":[{"href":"https:\/\/popup.artecom.studio\/index.php\/wp-json\/wp\/v2\/pages\/250","targetHints":{"allow":["GET"]}}],"collection":[{"href":"https:\/\/popup.artecom.studio\/index.php\/wp-json\/wp\/v2\/pages"}],"about":[{"href":"https:\/\/popup.artecom.studio\/index.php\/wp-json\/wp\/v2\/types\/page"}],"author":[{"embeddable":true,"href":"https:\/\/popup.artecom.studio\/index.php\/wp-json\/wp\/v2\/users\/1"}],"replies":[{"embeddable":true,"href":"https:\/\/popup.artecom.studio\/index.php\/wp-json\/wp\/v2\/comments?post=250"}],"version-history":[{"count":1,"href":"https:\/\/popup.artecom.studio\/index.php\/wp-json\/wp\/v2\/pages\/250\/revisions"}],"predecessor-version":[{"id":262,"href":"https:\/\/popup.artecom.studio\/index.php\/wp-json\/wp\/v2\/pages\/250\/revisions\/262"}],"wp:attachment":[{"href":"https:\/\/popup.artecom.studio\/index.php\/wp-json\/wp\/v2\/media?parent=250"}],"curies":[{"name":"wp","href":"https:\/\/api.w.org\/{rel}","templated":true}]}}